d by 331.
21
What is the remainder when 81921 is divided by 80568?
1353
What is the remainder when 23876 is divided by 23873?
3
Calculate the remainder when 2982705 is divided by 624.
609
What is the remainder when 1203617 is divided by 54709?
19
Calculate the remainder when 385501 is divided by 151.
149
Calculate the remainder when 23610 is divided by 9910.
3790
What is the remainder when 1965631 is divided by 5903?
5835
Calculate the remainder when 19777 is divided by 1975.
27
What is the remainder when 436057 is divided by 10901?
17
What is the remainder when 745812 is divided by 12211?
941
Calculate the remainder when 1188562 is divided by 2590.
2342
Calculate the remainder when 642270 is divided by 1228.
26
Calculate the remainder when 6060765 is divided by 103.
39
Calculate the remainder when 134708197 is divided by 275.
272
What is the remainder when 1118980 is divided by 186491?
34
What is the remainder when 1463341 is divided by 1983?
1870
Calculate the remainder when 159720269 is divided by 3575.
3569
What is the remainder when 7585015 is divided by 575?
190
What is the remainder when 272312 is divided by 578?
74
What is the remainder when 7058798 is divided by 218?
176
Calculate the remainder when 12816199 is divided by 2025.
1999
What is the remainder when 44108898 is divided by 107?
74
What is the remainder when 428105430 is divided by 73?
69
What is the remainder when 4349099 is divided by 2850?
2849
What is the remainder when 263450 is divided by 50?
0
What is the remainder when 20940064 is divided by 157444?
12
What is the remainder when 212850 is divided by 3731?
183
What is the remainder when 1884396 is divided by 198?
30
Calculate the remainder when 120396 is divided by 40127.
15
What is the remainder when 51984 is divided by 3468?
3432
Calculate the remainder when 9759553 is divided by 277.
12
What is the remainder when 4045019 is divided by 74?
31
Calculate the remainder when 344469 is divided by 1178.
493
Calculate the remainder when 3844674 is divided by 103.
96
Calculate the remainder when 1449335 is divided by 241520.
215
Calculate the remainder when 36969285 is divided by 51.
48
Calculate the remainder when 132656 is divided by 1186.
1010
Calculate the remainder when 36499159 is divided by 78.
73
What is the remainder when 6165141 is divided by 3406?
281
Calculate the remainder when 1046866 is divided by 69789.
31
What is the remainder when 1096608 is divided by 28?
16
What is the remainder when 101476 is divided by 3274?
3256
What is the remainder when 28629 is divided by 1845?
954
Calculate the remainder when 45224635 is divided by 1532.
1527
What is the remainder when 23264 is divided by 1597?
906
What is the remainder when 955892 is divided by 477903?
86
Calculate the remainder when 44594 is divided by 332.
106
What is the remainder when 404428693 is divided by 28?
25
Calculate the remainder when 32639 is divided by 10876.
11
What is the remainder when 1410198 is divided by 176194?
646
Calculate the remainder when 482769 is divided by 4653.
3510
What is the remainder when 86129 is divided by 2116?
1489
Calculate the remainder when 28841 is divided by 551.
189
Calculate the remainder when 1082923 is divided by 1065.
883
Calculate the remainder when 11546209 is divided by 1801.
1799
What is the remainder when 34319463 is divided by 14?
3
What is the remainder when 257656 is divided by 4225?
4156
What is the remainder when 116406 is divided by 10579?
37
Calculate the remainder when 34256731 is divided by 5709443.
73
Calculate the remainder when 221575 is divided by 439.
319
What is the remainder when 235612 is divided by 1023?
322
What is the remainder when 239470 is divided by 79808?
46
What is the remainder when 115211 is divided by 2281?
1161
What is the remainder when 1567490 is divided by 175?
15
What is the remainder when 244056567 is divided by 1652?
1651
Calculate the remainder when 663147 is divided by 701.
1
What is the remainder when 2329596 is divided by 2329433?
163
What is the remainder when 11973 is divided by 1378?
949
What is the remainder when 41530 is divided by 1761?
1027
What is the remainder when 7452534 is divided by 20759?
53
Calculate the remainder when 181301 is divided by 3808.
2325
Calculate the remainder when 84618 is divided by 81989.
2629
What is the remainder when 65382665 is divided by 3659?
3653
What is the remainder when 72966724 is divided by 1315?
4
What is the remainder when 171263 is divided by 85601?
61
Calculate the remainder when 152837 is divided by 6343.
605
Calculate the remainder when 5346245 is divided by 876.
17
What is the remainder when 33891 is divided by 1352?
91
Calculate the remainder when 33105 is divided by 29247.
3858
What is the remainder when 99996 is divided by 16627?
234
What is the remainder when 35772782 is divided by 452820?
2
What is the remainder when 14569293 is divided by 24?
21
What is the remainder when 718769 is divided by 356284?
6201
Calculate the remainder when 8932257 is divided by 817.
813
What is the remainder when 9410520 is divided by 5084?
36
Calculate the remainder when 281955530 is divided by 758.
754
Calculate the remainder when 26181457 is divided by 5.
2
What is the remainder when 175038111 is divided by 758?
751
What is the remainder when 11765044 is divided by 510?
364
What is the remainder when 131867 is divided by 103?
27
What is the remainder when 1513875 is divided by 1513857?
18
Calculate the remainder when 1849768 is divided by 264073.
1257
Calculate the remainder when 26165 is divided by 7684.
3113
Calculate the remainder when 555379 is divided by 15866.
69
Calculate the remainder when 187632 is divided by 6453.
495
What is the remainder when 6216492 is divided by 6794?
6776
What is the remainder when 384043 is divided by 889?
884
What is the remainder when 10124535 is divided by 42362?
17
Calculate the remainder when 1152534 is divided by 79.
3
What is the remainder when 4306933 is divided by 1435302?
1027
What is the remainder when 64690 is divided by 6142?
3270
Calculate the remainder when 155822 is divided by 155798.
24
What is the remainder when 847612 is divided by 86?
82
What is the remainder when 148479 is divided by 11412?
123
Calculate the remainder when 2071989 is divided by 1279.
9
What is the remainder when 12183814 is divided by 239?
72
What is the remainder when 175326497 is divided by 757?
755
Calculate the remainder when 484613 is divided by 60056.
4165
What is the remainder when 194232 is divided by 5641?
2438
What is the remainder when 135534244 is divided by 11?
10
Calculate the remainder when 962194 is divided by 1139.
878
What is the remainder when 418652 is divided by 104503?
640
What is the remainder when 1225253 is divided by 51052?
5
What is the remainder when 6105658 is divided by 397?
195
What is the remainder when 34260667 is divided by 1285?
1282
Calculate the remainder when 112090 is divided by 3503.
3497
What is the remainder when 10853224 is divided by 425?
424
What is the remainder when 4462817 is divided by 3082?
81
What is the remainder when 44983799 is divided by 12?
11
Calculate the remainder when 4604202 is divided by 5.
2
What is the remainder when 8608576 is divided by 354?
4
What is the remainder when 3917314 is divided by 126364?
30
What is the remainder when 1014789 is divided by 17?
8
Calculate the remainder when 1166 is divided by 942.
224
What is the remainder when 41383192 is divided by 566893?
3
What is the remainder when 15003 is divided by 6?
3
What is the remainder when 12001989 is divided by 211?
98
What is the remainder when 1539915 is divided by 2067?
0
Calculate the remainder when 795073 is divided by 577.
544
What is the remainder when 1365827 is divided by 3104?
67
Calculate the remainder when 1293177 is divided by 646572.
33
What is the remainder when 2775787 is divided by 154186?
439
What is the remainder when 136453665 is divided by 120?
105
What is the remainder when 65593809 is divided by 5602?
5593
Calculate the remainder when 4523736 is divided by 1130933.
4
What is the remainder when 1049804 is divided by 547?
111
Calculate the remainder when 4345772 is divided by 4009.
16
Calculate the remainder when 133442272 is divided by 44.
40
What is the remainder w